ainder when 3138043 is divided by 481.
480
What is the remainder when 12471 is divided by 55?
41
What is the remainder when 1562 is divided by 765?
32
What is the remainder when 37649 is divided by 10?
9
Calculate the remainder when 321076 is divided by 118.
116
What is the remainder when 6141 is divided by 1156?
361
Calculate the remainder when 125135 is divided by 10.
5
Calculate the remainder when 476699 is divided by 6.
5
What is the remainder when 5400 is divided by 35?
10
What is the remainder when 65886 is divided by 21958?
12
What is the remainder when 818 is divided by 800?
18
Calculate the remainder when 136128 is divided by 13612.
8
Calculate the remainder when 145049 is divided by 33.
14
Calculate the remainder when 10732 is divided by 36.
4
What is the remainder when 748797 is divided by 144?
141
Calculate the remainder when 2943 is divided by 890.
273
Calculate the remainder when 15709 is divided by 1577.
1516
Calculate the remainder when 79936 is divided by 79908.
28
What is the remainder when 16560 is divided by 66?
60
Calculate the remainder when 142365 is divided by 230.
225
What is the remainder when 4820 is divided by 156?
140
What is the remainder when 4100 is divided by 516?
488
Calculate the remainder when 13070 is divided by 719.
128
Calculate the remainder when 14421 is divided by 73.
40
Calculate the remainder when 8878 is divided by 141.
136
What is the remainder when 3512 is divided by 851?
108
Calculate the remainder when 5209 is divided by 35.
29
What is the remainder when 13836 is divided by 3414?
180
Calculate the remainder when 75478 is divided by 898.
46
What is the remainder when 46990 is divided by 68?
2
Calculate the remainder when 1648 is divided by 1139.
509
Calculate the remainder when 390 is divided by 61.
24
Calculate the remainder when 135883 is divided by 535.
528
Calculate the remainder when 11028 is divided by 730.
78
What is the remainder when 15684 is divided by 291?
261
What is the remainder when 1232 is divided by 335?
227
What is the remainder when 16637 is divided by 1042?
1007
Calculate the remainder when 313341 is divided by 816.
813
Calculate the remainder when 468 is divided by 266.
202
What is the remainder when 67264 is divided by 1201?
8
Calculate the remainder when 316122 is divided by 10.
2
Calculate the remainder when 35666 is divided by 4456.
18
Calculate the remainder when 22572 is divided by 3760.
12
Calculate the remainder when 28970 is divided by 116.
86
What is the remainder when 57961 is divided by 108?
73
What is the remainder when 364689 is divided by 123?
117
What is the remainder when 47873 is divided by 158?
157
What is the remainder when 133048 is divided by 116?
112
Calculate the remainder when 527902 is divided by 8379.
25
What is the remainder when 1016822 is divided by 74?
62
Calculate the remainder when 9547 is divided by 187.
10
Calculate the remainder when 273 is divided by 31.
25
Calculate the remainder when 1209 is divided by 601.
7
What is the remainder when 5445 is divided by 1051?
190
What is the remainder when 7504 is divided by 441?
7
Calculate the remainder when 49150 is divided by 113.
108
Calculate the remainder when 19970 is divided by 43.
18
Calculate the remainder when 23445 is divided by 55.
15
What is the remainder when 7459 is divided by 577?
535
What is the remainder when 75665 is divided by 31?
25
What is the remainder when 31546 is divided by 901?
11
Calculate the remainder when 35029 is divided by 11665.
34
What is the remainder when 3995 is divided by 3927?
68
Calculate the remainder when 14023 is divided by 167.
162
Calculate the remainder when 107446 is divided by 444.
442
Calculate the remainder when 5942 is divided by 2945.
52
Calculate the remainder when 1319 is divided by 369.
212
Calculate the remainder when 9631 is divided by 74.
11
What is the remainder when 1216 is divided by 455?
306
What is the remainder when 2353 is divided by 777?
22
Calculate the remainder when 1974 is divided by 212.
66
Calculate the remainder when 2299306 is divided by 459861.
1
Calculate the remainder when 4899 is divided by 4888.
11
Calculate the remainder when 4069 is divided by 1752.
565
Calculate the remainder when 154074 is divided by 154061.
13
What is the remainder when 132964 is divided by 480?
4
What is the remainder when 47054 is divided by 402?
20
What is the remainder when 777 is divided by 13?
10
Calculate the remainder when 2804 is divided by 39.
35
Calculate the remainder when 25495 is divided by 1719.
1429
Calculate the remainder when 2514 is divided by 483.
99
What is the remainder when 8998 is divided by 1530?
1348
Calculate the remainder when 4821 is divided by 28.
5
Calculate the remainder when 27438 is divided by 6858.
6
Calculate the remainder when 43595 is divided by 479.
6
Calculate the remainder when 14125 is divided by 26.
7
Calculate the remainder when 10485 is divided by 19.
16
Calculate the remainder when 27427 is divided by 741.
10
Calculate the remainder when 335084 is divided by 306.
14
What is the remainder when 254908 is divided by 29?
27
What is the remainder when 22052 is divided by 334?
8
Calculate the remainder when 6937 is divided by 304.
249
What is the remainder when 10393 is divided by 375?
268
What is the remainder when 97964 is divided by 28?
20
What is the remainder when 81299 is divided by 442?
413
What is the remainder when 21991 is divided by 10958?
75
What is the remainder when 131754 is divided by 21955?
24
What is the remainder when 131784 is divided by 591?
582
Calculate the remainder when 1396174 is divided by 102.
100
What is the remainder when 47993 is divided by 233?
228
What is the remainder when 21152 is divided by 21031?
121
Calculate the remainder when 630816 is divided by 399.
396
What is the remainder when 9634 is divided by 3190?
64
What is the remainder when 8813 is divided by 196?
189
What is the remainder when 29039 is divided by 3524?
847
Calculate the remainder when 14626 is divided by 69.
67
Calculate the remainder when 16965 is divided by 202.
199
Calculate the remainder when 166049 is divided by 60.
29
What is the remainder when 16393 is divided by 205?
198
What is the remainder when 59728 is divided by 29?
17
What is the remainder when 7788 is divided by 386?
68
Calculate the remainder when 59401 is divided by 7.
6
What is the remainder when 14969 is divided by 4972?
53
Calculate the remainder when 1592565 is divided by 51373.
2
Calculate the remainder when 353912 is divided by 84.
20
What is the remainder when 939167 is divided by 7?
5
What is the remainder when 20830 is divided by 6823?
361
Calculate the remainder when 2751 is divided by 185.
161
What is the remainder when 6969 is divided by 1997?
978
Calculate the remainder when 377 is divided by 175.
27
Calculate the remainder when 299613 is divided by 97.
77
Calculate the remainder when 239 is divided by 77.
8
What is the remainder when 81782 is divided by 39?
38
What is the remainder when 9334 is divided by 1828?
194
What is the remainder when 646429 is divided by 5525?
4
Calculate the remainder when 9889 is divided by 705.
19
What is the remainder when 2744666 is divided by 505?
496
What is the remainder when 13411 is divided by 16?
3
What is the remainder when 158962 is divided by 33?
1
What is the remainder when 3589 is divided by 882?
61
Calculate the remainder when 7061 is divided by 392.
5
Calculate the remainder when 277779 is divided by 34.
33
What is the remainder when 1873 is divided by 620?
13
What is the remainder when 17172 is divided by 613?
8
Calculate the remainder when 353245 is divided by 340.
325
Calculate the remainder when 3721 is divided by 19.
16
Calculate the remainder when 4474 is divided by 1033.
342
What is the remainder when 379 is divided by 250?
129
Calculate the remainder when 1890 is divided by 428.
178
Calculate the remainder when 91437 is divided by 20.
17
Calculate the remainder when 348117 is divided by 589.
18
Calculate the remainder when 179700 is divided by 1695.
30
Calculate the remainder when 4807 is divided by 1600.
7
What is the remainder when 72479 is divided by 12?
11
What is the remainder when 158738 is divided by 250?
238
What is the remainder when 3101 is divided by 1546?
9
What 